{"id":227,"date":"2017-09-27T16:05:42","date_gmt":"2017-09-27T14:05:42","guid":{"rendered":"http:\/\/www.lfs.ksn.at\/?page_id=227"},"modified":"2017-09-29T23:16:22","modified_gmt":"2017-09-29T21:16:22","slug":"landesschulgueter","status":"publish","type":"page","link":"https:\/\/lfs.ksn.at\/dev-env\/landesschulgueter\/","title":{"rendered":"Landesschulg\u00fcter"},"content":{"rendered":"<p>Den Landwirtschaftlichen Fachschulen Althofen, Goldbrunnhof, Litzlhof und Stiegerhof sind landwirtschaftliche Betriebe angeschlossen, welche organisatorisch mit den Schulen verbunden sind und der praktischen und theoretischen Unterweisung der Sch\u00fcler\/innen, sowie auch der land- und forstwirtschaftlichen Versuchst\u00e4tigkeit dienen.<\/p>\n<p>An der Landwirtschaftlichen Fachschule St. Andr\u00e4 werden diese Aktivit\u00e4ten in verschiedenen b\u00e4uerlichen Betrieben durchgef\u00fchrt.<\/p>\n","protected":false},"excerpt":{"rendered":"<p>Den Landwirtschaftlichen Fachschulen Althofen, Goldbrunnhof, Litzlhof und Stiegerhof sind landwirtschaftliche Betriebe angeschlossen, welche organisatorisch mit den Schulen verbunden sind und der praktischen und theoretischen Unterweisung der Sch\u00fcler\/innen, sowie auch der land- und forstwirtschaftlichen Versuchst\u00e4tigkeit dienen. An der Landwirtschaftlichen Fachschule St. Andr\u00e4 werden diese Aktivit\u00e4ten in&#8230;<\/p>\n","protected":false},"author":2,"featured_media":0,"parent":0,"menu_order":0,"comment_status":"closed","ping_status":"closed","template":"","meta":{"footnotes":""},"class_list":["post-227","page","type-page","status-publish","hentry"],"_links":{"self":[{"href":"https:\/\/lfs.ksn.at\/dev-env\/wp-json\/wp\/v2\/pages\/227","targetHints":{"allow":["GET"]}}],"collection":[{"href":"https:\/\/lfs.ksn.at\/dev-env\/wp-json\/wp\/v2\/pages"}],"about":[{"href":"https:\/\/lfs.ksn.at\/dev-env\/wp-json\/wp\/v2\/types\/page"}],"author":[{"embeddable":true,"href":"https:\/\/lfs.ksn.at\/dev-env\/wp-json\/wp\/v2\/users\/2"}],"replies":[{"embeddable":true,"href":"https:\/\/lfs.ksn.at\/dev-env\/wp-json\/wp\/v2\/comments?post=227"}],"version-history":[{"count":0,"href":"https:\/\/lfs.ksn.at\/dev-env\/wp-json\/wp\/v2\/pages\/227\/revisions"}],"wp:attachment":[{"href":"https:\/\/lfs.ksn.at\/dev-env\/wp-json\/wp\/v2\/media?parent=227"}],"curies":[{"name":"wp","href":"https:\/\/api.w.org\/{rel}","templated":true}]}}